e a/(-2)*(-18)/(-24). What is the tens digit of 60*(-7)/(w/2)?
4
Suppose -5*g - 324 = -p + 75, -p - 4*g = -363. What is the tens digit of p?
7
Let q be (-1 - (-3 - -3))/1. What is the units digit of (-25)/q*(26 - 25)?
5
Suppose -k + 3*r = -0*r - 19, 4*k = -r + 24. What is the tens digit of k*-3*44/(-12)?
7
Suppose 0 = 3*s - 10 + 40. What is the tens digit of (-166)/4*(8 + s)?
8
Let g(y) = -2*y**3 + 13*y**2 + 2*y - 16. What is the tens digit of g(-5)?
4
Let b = -84 + 87. Let m(l) = 20*l**2 - 4*l - 7. What is the tens digit of m(b)?
6
Suppose -86*w = -66*w - 7360. What is the units digit of w?
8
Let m(o) be the first derivative of -o**3/3 + 11*o**2/2 - 9*o - 4. Let r be m(6). What is the units digit of 3/4*(7 + r)?
1
Let h(w) = w**2 + 3*w - 2. Let f be h(2). Let c be ((-6)/f)/(24/(-64)). Let g(a) = 4*a**3 + a**2 + a - 4. What is the units digit of g(c)?
4
Suppose -1455*p + 1476*p = 25263. What is the hundreds digit of p?
2
Suppose 0 = -4*s - 16, 3*p + 5*s - 1 = 3*s. Suppose -2*g + 6*g = -v - 10, p*g = -9. Suppose 5*r + 0*r + 11 = n, 147 = 5*n - v*r. What is the tens digit of n?
3
Let j = 1094 - 553. What is the units digit of j?
1
What is the tens digit of 2624/6 - (-4)/6?
3
Suppose 60 = 6*s - s. What is the units digit of (-60)/(-9) + ((-16)/s)/(-4)?
7
What is the units digit of -10*(1696/200)/(2/(-10))?
4
Suppose 2*p + 4*f = -14, 5*p - 3*f - 21 = f. What is the units digit of -1*1 + 99 + p?
9
Suppose 2*w = 1 + 157. Let k = w - 51. What is the units digit of k?
8
Let o be (-4 + 0 - -3)*-34. Suppose 3*p - 5*m + 2*m - 84 = 0, -p + 4*m = -o. What is the units digit of p?
6
Let f = 11 + -9. Let w(c) = 24*c + 7. What is the units digit of w(f)?
5
What is the tens digit of 2*(-6)/(-7)*287?
9
Suppose -2*v + 14 = 2*w, 0 = 4*w - 5 + 25. Suppose v*u = 7*u. What is the units digit of (u - 0)/1 + 58?
8
Let p = 9304 - 5495. What is the units digit of p?
9
Let p(g) = 5*g**2 + 33*g - 24. What is the tens digit of p(-9)?
8
Let a = -131 + 694. What is the hundreds digit of a?
5
Suppose -3*n - 4*y + 453 = -98, 5*y - 25 = 0. Suppose 5*u - 5*m = -n + 972, -2 = -2*m. What is the hundreds digit of u?
1
Let k(f) = f**3 + 9*f**2 + 13*f - 8. Let v be k(-7). What is the tens digit of 23 + 2 + (v - -2)?
2
Let i(t) = 4*t - 3. Let l be i(2). Let w(v) = -2*v**2 + 19*v + 11. Let c(o) = -o**2 + 9*o + 5. Let d(k) = -13*c(k) + 6*w(k). What is the units digit of d(l)?
1
Suppose 0 = -16*u + 617 + 215. Suppose -374 = -14*w - u. What is the tens digit of w?
2
Let m(a) = -16*a - 16. Suppose 0 = 2*q - 8*q + 30. Let p be m(q). Let k = p - -149. What is the tens digit of k?
5
Suppose -5*v - p = -122, -5*p - 4 - 58 = -3*v. Suppose -v = 2*y + 16. Let r = 1 - y. What is the tens digit of r?
2
Let t(n) = -n**3 + 11*n**2 - 9*n - 7. Let s be t(9). Suppose -7*h = s - 438. What is the tens digit of h?
5
Suppose 49*x - 48*x - 3704 = 0. What is the tens digit of x?
0
Let f(j) = 175*j - 236. What is the hundreds digit of f(13)?
0
What is the tens digit of 126/(-56) + 1 + 2029/4?
0
Let m(l) = 485*l**2 - 2*l - 1. Let g be m(1). Let a = -296 + g. What is the units digit of a?
6
Let l(m) = -2*m**2 + 8*m + 12. Let f be l(5). Suppose -4*i - c + 98 = 0, -40 = -2*i - 5*c - 0. What is the units digit of 4/f*(9 + i)?
8
Let l = 2402 + 88. What is the tens digit of l?
9
Suppose -7*r + 11028 = -2*r + v, 2*r + 4*v - 4404 = 0. What is the tens digit of r?
0
Let m = -793 - -1561. What is the tens digit of m?
6
Let p be 3914/8 + (2 - (-72)/(-32)). Suppose 5*z - p = -74. What is the units digit of z?
3
Suppose -2*c - 15 = 11. Let s(i) = -i + 24. What is the tens digit of s(c)?
3
Let p(u) = -u**2 + 5*u - 1. Let m be p(5). Let k(s) = -59*s**3 - 2*s**2 - s. Let h be k(m). Let d = h - 39. What is the units digit of d?
9
What is the tens digit of 0 + (-3 - -8 - -307)?
1
Let x(s) be the first derivative of -s**3/3 - 25*s**2/2 - 9*s + 5. What is the tens digit of x(-14)?
4
Suppose 3*k - 322 = -3*c + 308, -2*k = -4*c - 402. What is the units digit of k?
7
Let l(b) = -b**2 - 5*b - 4. Let i = 21 - 9. Suppose i = 9*c - 13*c. What is the units digit of l(c)?
2
Let s = 1784 + -652. What is the tens digit of s?
3
Let y(b) = -12*b - 128. What is the tens digit of y(-16)?
6
Let y(d) = -d**3 - 3*d**2 + 7*d. Suppose -2 = -2*b, 0 - 5 = -2*r - b. Suppose -3*t + 3*x + 5 = -r*x, 5*x = 2*t - 10. What is the tens digit of y(t)?
1
Let q = 81 - 33. Suppose 3*j - 294 + q = 0. What is the tens digit of j?
8
Let b(q) = q**3 + 10*q**2 + 9*q + 5. Let k be b(-9). Suppose 0 = k*t - 4*t. Suppose t = -4*h + 153 + 3. What is the tens digit of h?
3
Suppose 57*c = 71302 + 37283. What is the thousands digit of c?
1
Suppose -4*o = -4*a - o + 57, a + 3 = -5*o. Let w(g) = a*g - 13 + 13. What is the units digit of w(2)?
4
Let f be (-4)/8 + 59/(-2). Suppose 3*h + 17 = -5*b, -3*b - 2*h = -h + 11. What is the units digit of (10/b)/5*f?
5
What is the thousands digit of -3336*(-2)/24*6?
1
Let d(h) = -31*h + 41*h - 10 - 24. What is the units digit of d(14)?
6
Let d(i) = 6*i + 9*i**2 - i**3 + 4*i**2 - 5*i**2 + 5. What is the units digit of d(8)?
3
Suppose 4*a + 3*y - 17 - 49 = 0, -4*a - y = -70. What is the units digit of 0 + 2 + 2 + a + 9?
1
Let j(r) = r**3 - 14*r**2 - 5*r - 17. Let n be j(14). Let c = 2 - n. What is the units digit of c?
9
Let h be (-25)/(-3) + 10/(-30). Let m be (-3)/(-1*3/h). Suppose v = -4*i + 8, 2*v - 8 - m = -2*i. What is the units digit of v?
8
Let w be (-2)/(-12) - (-390)/36. Suppose 15 = -6*j + w*j. Suppose -5*b + 195 = -5*m, 0*b - 227 = -5*b - j*m. What is the tens digit of b?
4
Let i(l) = 33*l**3 - 4*l**2 + 9*l - 8. What is the units digit of i(4)?
6
Let y(i) = 15*i - 60. What is the hundreds digit of y(46)?
6
Suppose -3*b + 7*q + 713 = 2*q, 0 = -2*b + 3*q + 474. What is the tens digit of b?
3
Suppose -3*g = -9 - 0. What is the tens digit of 27 - (g - 3)/3?
2
Let m be (1/4)/((-1)/(-724)). Let i = m + -31. What is the tens digit of i?
5
Let k(r) = 5*r**2 + 33*r + 50. What is the units digit of k(14)?
2
Let a(p) = -3*p**3 + p**2 - 3*p. Let f be (12/(-16))/((-2)/(-8)). What is the tens digit of a(f)?
9
Let r be 9/(-15) - (-1326)/(-15). Let g = r + 229. Suppose -5*l = -10*l + g. What is the units digit of l?
8
Let v be ((-16908)/(-72) - 2/(-12)) + -1. Suppose 3*l - v = 39. What is the tens digit of l?
9
Suppose 5*h - 4*d = -6, h + d + 7 = -2*h. Let b be (126/24)/(h/(-24)). Suppose 5*o - 91 = -3*p, 4*o - 5*p + 5 = b. What is the tens digit of o?
1
What is the units digit of 33*(-3 - 228/(-9))?
7
Let a(d) = 3*d**2 - 30*d + 3. Let b be a(10). Let x(l) = l - 1. Let p(f) = 4*f**2 + 4*f - 5. Let z(j) = p(j) - 2*x(j). What is the units digit of z(b)?
9
Suppose -2*f + 4 = -0*f. Suppose 107 = 3*v + 5*i, -f*i = -i + 2. Suppose -4*t - 3*q + 106 = 0, 0 = -t + 2*q - 7 + v. What is the units digit of t?
8
Let w be -2 + 13/((-65)/510). Let j = 180 + w. What is the units digit of j?
6
Let k(d) = -d + 46. Let l = -36 + 30. Let x be 36/24*(-76)/l. What is the units digit of k(x)?
7
Let h be (6/5)/(5 + (-456)/90). Let s(z) = -z**3 - 17*z**2 + 8*z + 41. What is the units digit of s(h)?
1
Let z = -53 - -29. Let o = -55 - z. Let b = o - -45. What is the units digit of b?
4
Let t = -52 + 54. Suppose -4*v + t*h = -58, 6*v - 3*v - 39 = -3*h. What is the tens digit of v?
1
Suppose -2*d + 5*d + 225 = 0. Let f = 248 + d. What is the hundreds digit of f?
1
Let u(n) = 12*n + 2179. What is the units digit of u(0)?
9
Suppose 0 = y - 3, 5*u - 6*y + 3*y - 1076 = 0. What is the units digit of u?
7
Let m(n) = -50*n + 50. What is the tens digit of m(-5)?
0
Let p = -716 + 1047. What is the units digit of p?
1
Suppose 5*j + 3*n - 45 = 0, -3*j + 27 = -0*j + 5*n. Suppose -20 = -7*c + 3*c. What is the tens digit of 42/j*45/c?
4
Let a = 108 - 108. Suppose a = -6*z + 2*z + 560. What is the units digit of z?
0
Let d(y) = y**3 + 22*y**2 - 13*y - 2. What is the hundreds digit of d(-7)?
8
Let w(o) = 21*o**2 - 14*o - 10. What is the thousands digit of w(-11)?
2
Suppose -n + c = 3, -6 = 6*n - 4*n - 3*c. Let z(y) = 20*y**2 + y - 6. What is the units digit of z(n)?
1
Suppose -2*a - y - 1841 = -6*a, 3*a + 4*y - 1376 = 0. Let j be (a/60)/((-1)/3). Let i = 32 + j. What is the units digit of i?
9
Let u = 22 - 13. Suppose 0*o - o - w + u = 0, -w = 4*o - 33. What is the units digit of 8/(-3